 Let c be r(a). What is the greatest common divisor of 8 and c?
4
Suppose -6*h = -3*h - 3*i, -3*h + 2*i + 3 = 0. Let u(g) = -g**3 + 4*g**2 + 5*g + 6. Let p be u(5). What is the greatest common divisor of h and p?
3
Suppose 0 = -8*o + 5*o + 27. Let v = -147 + 246. Calculate the highest common factor of v and o.
9
Let l(b) = -b**2 - 7*b - 5. Let h be l(-6). Let c be h/2*(-2 + 82). Suppose f - 2*f + c = 0. Calculate the greatest common factor of 5 and f.
5
Suppose 3*d = 5 + 7. Suppose -o = 5*v - 8, 3*o + 4*v - 9 - d = 0. Suppose -567 = -6*u + o*u. What is the greatest common divisor of u and 21?
21
Suppose -b - b = 4. Let m(c) = -14*c - 2. Let v be m(b). Calculate the greatest common divisor of v and 13.
13
Let l = -4 - -4. Suppose -3*b + 21 = 4*c, -12 = b - 5*b. Suppose l*x + c*x - 36 = 0. Calculate the highest common divisor of x and 60.
12
Let u be 85*1 + 4 + -6. Suppose -5*v + 17 = -u. What is the highest common factor of 8 and v?
4
Let g(k) = -3*k - 16. Let f be g(-9). Calculate the greatest common divisor of 88 and f.
11
Let x be (1 + 6/(-4))*4. Let v = x - -4. Let f = 213 + -210. What is the greatest common factor of f and v?
1
Let g be 2 + 0 + (-2 - -18). Let h(r) = r**2 - 6*r - 10. Let c = 13 + -5. Let k be h(c). Calculate the highest common factor of g and k.
6
Let u(k) = -k**3 + 5*k**2 - 2*k - 4. Let y be (-5 - -6) + 1*2. Let h be u(y). Let c be (-1 + 0 + -1)*-20. What is the greatest common factor of h and c?
8
Suppose -5*j - j = -36. Calculate the highest common divisor of j and 2.
2
Let r(d) = 7*d - 5. Let l be r(4). Let n = l + 7. Let o be -1 + (1 - 1) + 11. What is the highest common divisor of o and n?
10
Let t(l) = l + 3. Let a be t(3). Let y = 42 + -15. Suppose 2*d - y = -3*i + 108, -d + i = -65. What is the greatest common divisor of a and d?
6
Let d(j) = j**3 + 8*j**2 + 5*j - 6. Let h = -8 - -18. Suppose -h = q + q. Let y be d(q). What is the greatest common divisor of y and 11?
11
Let y = 2 + -1. Let f(r) = 1. Let w(c) = 55*c - 5. Let z(x) = y*w(x) + 6*f(x). Let k be z(1). Calculate the greatest common divisor of k and 14.
14
Let b = -67 + 74. What is the highest common factor of 42 and b?
7
Let y = 9 - 1. Let q = 28 - y. Suppose 0 = w - 176 - 4. What is the greatest common factor of w and q?
20
Let v = 23 + 40. What is the greatest common divisor of v and 9?
9
Suppose 2*g + 2*g + i - 65 = 0, 0 = 5*g - 4*i - 55. Suppose q = g - 4. Suppose 0 = -p + q + 13. What is the highest common divisor of 16 and p?
8
Let f be (-1)/2*1*0. Suppose f = 3*d + 2*d - 20. Let z(r) = r**2 + 2*r - 4. Let j be z(-4). Calculate the greatest common divisor of j and d.
4
Let v be ((-22)/(-99) + (-11)/9)*-3. What is the greatest common factor of 33 and v?
3
Let a be (1 + (-7 - -4))*-1. Calculate the greatest common divisor of 8 and a.
2
Suppose -2*g + 32 = 6. Calculate the greatest common factor of g and 39.
13
Suppose -3*a - 7*a = -90. What is the greatest common factor of 12 and a?
3
Suppose 4*d + q = -2*q + 125, -68 = -2*d + 4*q. Suppose -2*u = -d + 6. What is the greatest common divisor of 52 and u?
13
Let o be (24/15)/(8/60). Calculate the greatest common divisor of 24 and o.
12
Let u be (4/5)/((-8)/(-540)). Suppose 0 = 4*k + m - 19, 4*m = -3*k + 9*m + 43. Calculate the greatest common divisor of k and u.
6
Let g be (13 - -17)/(3/8). Calculate the highest common factor of g and 10.
10
Let t = 3 + 5. Let h(m) = -m**2 + 13*m - 4. Let r be h(t). Calculate the greatest common factor of 4 and r.
4
Let v(u) = -2*u - 1. Let m be v(1). Let o(q) = q**3 + 2*q**2 - 4*q + 1. Let w be o(m). What is the highest common divisor of 4 and w?
4
Suppose 4*z - 65 + 181 = 0. Let q = z + 15. Let k = q + 25. What is the greatest common divisor of 55 and k?
11
Let k = -113 + 163. Suppose -5*o - k = -200. Let b = -49 + 69. What is the greatest common divisor of o and b?
10
Let b(t) = -t**2 + 11*t + 5. Let o be b(8). Calculate the highest common factor of 58 and o.
29
Let j(r) = -14*r**3 - r**2. Let u be j(-1). Suppose -u = -5*x + 17. What is the highest common factor of 42 and x?
6
Let w = 2 - -52. Let u be 9 - 0 - (0 + 3). What is the highest common factor of u and w?
6
Let n = 56 - 37. What is the greatest common factor of 95 and n?
19
Let u(z) = -14*z**3 + z**2 - 1. Let w be u(-1). Let n(c) = c**3 + 12*c**2 + 8*c + 9. Let l be n(-11). Calculate the greatest common divisor of w and l.
14
Let h(s) = -s**3 + s**2 + 4*s - 3. Let l = 13 + -11. Let a be h(l). Let m = -21 + 29. What is the highest common divisor of a and m?
1
Let l(q) = 3*q - 2*q - 2*q. Let a(x) = -x - 3. Let u be a(3). Let c be l(u). Calculate the highest common factor of 4 and c.
2
Let q(m) = m**2 + 2*m + 2. Suppose n = 2*a - 18, -2*a + 6 = -2*n - 10. Suppose 3*g = 8*g + a. Let w be q(g). What is the highest common factor of 22 and w?
2
Let s be (1 + (-5)/(-2))*26. Suppose 0*u - 8 = -2*u. Let m = 9 + u. What is the greatest common factor of s and m?
13
Let t = 7 + 32. Suppose -3*s - t = -3*o, 4*o - s = -12 + 52. What is the greatest common factor of 45 and o?
9
Suppose 0 = -g - 4*i + 196, g - 2*i - 197 = -7*i. Let t = -4 - -28. Calculate the highest common factor of t and g.
24
Let f(y) = 6 - 3*y + 0 + 3. Let t be (11/11)/((-1)/7). Let z be f(t). What is the greatest common factor of 20 and z?
10
Let j = 2 - -4. Suppose -30 = -4*s + j. What is the highest common factor of s and 63?
9
Let o(f) = f**2 + 4*f**3 + 4*f - 3*f + 3*f - 2 - f. Let p be o(2). What is the highest common factor of p and 8?
8
Suppose 7*i = 5*h + 3*i, -2*i = h. Let c = 19 - h. Calculate the greatest common factor of c and 152.
19
Suppose -r + 2*r - 4 = 0. Suppose -m + 3*d + 5 = 0, m + r*d = -m + 10. Suppose b + 64 = m*b. What is the greatest common divisor of 40 and b?
8
Let a = 6 - 6. Suppose 391 = 5*j - 3*h, 5*j - 4*j - 4*h - 85 = a. Suppose 0 = -2*o + 6 + 8. Calculate the greatest common factor of j and o.
7
Suppose 0 = 4*g + 6 + 30. Let b(x) = -x**2 - 8*x + 13. Let c be b(g). Calculate the greatest common factor of 36 and c.
4
Let l = 19 - 14. Let t = 11 - l. What is the highest common divisor of t and 24?
6
Let m(y) = y**3 - 11*y**2 + 12*y + 7. Let j be m(10). Let f(s) = 2*s - 3. Suppose -13 = -2*k - 1. Let i be f(k). What is the highest common divisor of i and j?
9
Suppose 5*d - d = 92. Calculate the greatest common factor of d and 115.
23
Suppose 0*s = 4*n - s - 11, -2*s = 5*n - 4. Suppose -4*f - 5*w = -200, -n*f + w + 0*w = -86. Calculate the highest common divisor of f and 18.
9
Suppose 3 = -y - 2. Let b = 5 + y. Suppose -2*z = -b*z - 20. What is the greatest common divisor of z and 10?
10
Suppose 52 = 3*k - 2*b - 131, 5*b = -3*k + 204. What is the highest common factor of k and 14?
7
Suppose 5*v - 4*v = 44. What is the highest common factor of v and 22?
22
Let s = 71 + -61. Calculate the highest common divisor of s and 20.
10
Let d(l) = 3*l**2 - 1. Let a be d(1). Calculate the greatest common factor of a and 14.
2
Suppose -h + 6*h = -80. Let n be (h/(-20))/((-2)/(-105)). Calculate the highest common factor of n and 28.
14
Let q(o) = -o**2 + 3*o + 2. Let r be q(3). What is the highest common factor of r and 10?
2
Let f(n) = -n**2 + 7*n + 56. Let m be f(10). Calculate the greatest common divisor of 13 and m.
13
Let h be -5 - (-66)/((-4)/(-2)). Calculate the highest common divisor of 7 and h.
7
Let v(k) = 2 + 4*k - 2*k - 3*k. Let m be v(0). Suppose -6*p + m*p + 288 = 0. Calculate the highest common factor of 9 and p.
9
Let u(t) = 2*t**2 + t + 2. Let b be u(2). Calculate the highest common divisor of 12 and b.
12
Let v = -7 - -13. Let s = v - 2. Calculate the highest common factor of 32 and s.
4
Suppose 105 = 5*i - 0*l + 5*l, -i + 9 = -3*l. Calculate the greatest common divisor of i and 126.
18
Let d(j) = j + 10. Let o be d(-10). Suppose o = -2*q - 19 - 19. Let t = -4 - q. What is the highest common divisor of t and 45?
15
Suppose r - 3 + 0 = 0. Let s(l) = -2*l + 2. Let t be s(r). Let y(d) = -3*d + 2. Let a be y(t). What is the highest common factor of a and 28?
14
Let q be ((10/(-3))/(-10))/((-2)/(-36)). What is the highest common divisor of 15 and q?
3
Let m(z) = z**3 + 10*z**2 + z + 5. Let t be m(-9). Let i be ((-6)/(-9) + -3)*-3. What is the highest common factor of t and i?
7
Let i = 573 - 368. Calculate the greatest comm